91817 prime?
True
Is 156927073 a prime number?
True
Is 171887207 composite?
False
Is 757833 composite?
True
Is 37126601 a prime number?
False
Is 3816077 a composite number?
True
Is 372916589 prime?
True
Is 1579397 a prime number?
True
Is 7608017 prime?
True
Is 35103209 a composite number?
False
Is 101001047 prime?
False
Is 129466483 a prime number?
True
Is 84983363 prime?
True
Is 241697617 a prime number?
False
Is 2306851 a prime number?
True
Is 669283 prime?
True
Is 13714223 prime?
False
Is 96404051 composite?
False
Is 6388021 composite?
False
Is 16535249 composite?
True
Is 2722087 composite?
False
Is 13421897 prime?
True
Is 13329347 prime?
True
Is 2695051 composite?
False
Is 28311703 a composite number?
True
Is 9716983 composite?
True
Is 2719081 a composite number?
False
Is 37909549 composite?
False
Is 911401529 a composite number?
False
Is 20852849 prime?
True
Is 15054511 a composite number?
False
Is 7721339 a prime number?
True
Is 43799 a composite number?
True
Is 356849 composite?
True
Is 373531 a composite number?
True
Is 1713367 composite?
True
Is 467107595 a composite number?
True
Is 43279589 a composite number?
False
Is 4447831 prime?
False
Is 41809849 composite?
False
Is 4517819 a prime number?
False
Is 70646143 a composite number?
False
Is 1629049 composite?
True
Is 12018959 a prime number?
False
Is 167861957 composite?
True
Is 29198827 prime?
False
Is 1141982 a prime number?
False
Is 363901 a prime number?
True
Is 59103839 prime?
False
Is 1052711 a prime number?
False
Is 3824171 a prime number?
False
Is 12002141 composite?
True
Is 732509 a prime number?
True
Is 14019011 a prime number?
True
Is 49089721 a prime number?
False
Is 2084561 composite?
False
Is 2374777 a prime number?
False
Is 393749 composite?
False
Is 5212703 a prime number?
True
Is 781841 a composite number?
True
Is 4737739 composite?
True
Is 248375749 a composite number?
True
Is 25548367 composite?
True
Is 15723737 a composite number?
False
Is 4317403 prime?
True
Is 5939254 a composite number?
True
Is 8807129 a prime number?
True
Is 89137127 a composite number?
True
Is 1974821 prime?
False
Is 4069535 a prime number?
False
Is 54657445 prime?
False
Is 40594 a composite number?
True
Is 4984477 composite?
True
Is 6519871 composite?
False
Is 441296263 prime?
True
Is 36145661 a prime number?
True
Is 7252783 prime?
True
Is 50073077 composite?
False
Is 24333 a prime number?
False
Is 52438769 a prime number?
True
Is 192726047 prime?
True
Is 1867406 a composite number?
True
Is 50555963 composite?
True
Is 2698061 a composite number?
True
Is 862751 a composite number?
True
Is 116606279 prime?
False
Is 26546573 a prime number?
False
Is 22850033 a composite number?
False
Is 902719 composite?
False
Is 12712823 composite?
False
Is 3511171 a composite number?
False
Is 47392081 composite?
True
Is 28168719 prime?
False
Is 840721 a composite number?
True
Is 14325293 composite?
False
Is 1235737 composite?
True
Is 40661821 prime?
True
Is 171066419 a composite number?
False
Is 14040391 a prime number?
True
Is 182707541 a composite number?
False
Is 906313 a composite number?
False
Is 15266567 a composite number?
False
Is 98206126 prime?
False
Is 2204393 prime?
True
Is 5878898 composite?
True
Is 125365741 prime?
False
Is 591126761 a composite number?
False
Is 183495815 composite?
True
Is 6375191 prime?
True
Is 66829751 composite?
False
Is 62374729 composite?
False
Is 64337899 prime?
False
Is 4485043 prime?
True
Is 22268149 composite?
True
Is 140221037 prime?
False
Is 66428441 composite?
False
Is 16804349 prime?
True
Is 37310047 composite?
True
Is 247013 a prime number?
False
Is 3061447 a composite number?
True
Is 250048681 a composite number?
True
Is 48851191 a composite number?
False
Is 2676049 a composite number?
False
Is 5696863 a composite number?
True
Is 4323777 composite?
True
Is 156214937 composite?
False
Is 16090377 prime?
False
Is 531906559 a composite number?
True
Is 59184887 a prime number?
True
Is 296678185 prime?
False
Is 5160079 composite?
False
Is 74389837 composite?
False
Is 141767699 a prime number?
False
Is 14372321 prime?
False
Is 83507759 prime?
False
Is 1040597 composite?
False
Is 60308669 prime?
True
Is 1438253 a prime number?
True
Is 1030091 prime?
True
Is 6566171 composite?
False
Is 502752697 a composite number?
False
Is 129203 a composite number?
True
Is 28492207 prime?
True
Is 285461357 prime?
True
Is 26328683 a prime number?
False
Is 61176813 prime?
False
Is 1755697 a composite number?
False
Is 68025451 a prime number?
False
Is 24177891 a composite number?
True
Is 139533154 prime?
False
Is 9992611 prime?
False
Is 11974121 composite?
False
Is 15306037 a prime number?
True
Is 32878213 a prime number?
True
Is 4168309 a composite number?
True
Is 341617 a prime number?
True
Is 83432723 a composite number?
True
Is 5941861 a prime number?
False
Is 32695037 composite?
True
Is 607015163 prime?
False
Is 530011 composite?
True
Is 2909705 prime?
False
Is 13327771 prime?
False
Is 3671971 a composite number?
False
Is 98293709 composite?
True
Is 2399909 prime?
False
Is 399073559 a prime number?
True
Is 12479537 composite?
True
Is 6534417 a prime number?
False
Is 229331 a composite number?
True
Is 2963039 a composite number?
True
Is 7138541 a composite number?
False
Is 8074279 prime?
False
Is 31169627 a composite number?
False
Is 3038839 a composite number?
False
Is 25307467 a prime number?
False
Is 10738697 composite?
False
Is 339220411 prime?
True
Is 123819947 a prime number?
False
Is 148964953 prime?
True
Is 5552857 composite?
False
Is 350468333 prime?
True
Is 6481243 a prime number?
True
Is 14850817 composite?
True
Is 110140973 a composite number?
False
Is 145978901 a prime number?
False
Is 115120573 a prime number?
False
Is 16042549 a prime number?
True
Is 2509237 a composite number?
False
Is 659557 a composite number?
True
Is 19366079 prime?
True
Is 37433127 a prime number?
False
Is 16729 a prime number?
True
Is 94234019 a composite number?
True
Is 2743726 prime?
False
Is 5811599 composite?
False
Is 14992711 a composite number?
True
Is 28753671 prime?
False
Is 2825951 composite?
False
Is 1833889 composite?
True
Is 40054354 a prime number?
False
Is 885473 composite?
False
Is 12626191 prime?
True
Is 3897331 prime?
True
Is 220607479 a composite number?
False
Is 23882203 a composite number?
False
Is 2731811 a prime number?
False
Is 10481371 a composite number?
True
Is 4011707 a composite number?
True
Is 4454761 composite?
True
Is 329971 composite?
True
Is 7904843 a composite number?
False
Is 101727359 a prime number?
True
Is 37978709 a prime number?
True
Is 542579 a prime number?
True
Is 13846919 a composite number?
False
Is 1703435 prime?
False
Is 66933754 composite?
True
Is 765293 a composite number?
False
Is 87983501 a composite number?
True
Is 31537411 a composite number?
True
Is 52951 a composite number?
False
Is 367687897 a composite number?
True
Is 2920783 a composite number?
False
Is 24846229 a composite number?
False
Is 72991427 prime?
True
Is 45663538 a composite number?
True
Is 5233499 a composite number?
False
Is 304463905 composite?
True
Is 12818789 a prime number?
True
Is 4575943 composite?
True
Is 62976387 prime?
False
Is 53799281 a composite number?
True
Is 133213481 composite?
True
Is 85849 prime?
False
Is 24472753 a composite number?
True
Is 2742619 a prime number?
False
Is 106492121 prime?
True
Is 347327 a composite number?
True
Is 47707 a prime number?
False
Is 1786397 prime?
False
Is 141833641 prime?
False
Is 2134855 composite?
True
Is 107129203 a composite number?
False
Is 26726053 prime?
False
Is 24472037 composite?
False
Is 794279 a prime number?
False
Is 7774157 a composite number?
False
Is 11704001 composite?
True
Is 107567399 a composite number?
True
Is 14844853 prime?
False
Is 1537751 a composite number?
False
Is 10192513 composite?
False
Is 2068667 a composite number?
False
Is 2998187 composite?
False
Is 15411511 composite?
True
Is 1219027 a composite number?
True
Is 289182119 composite?
False
Is 2067083 prime?
True
Is 647099 a prime number?
True
Is 53794627 a composite number?
False
Is 14051 a composite number?
False
Is 136844161 a prime number?
True
Is 38676371 a prime number?
True
Is 23570983 a prime number?
True
Is 1312897 a composite number?